
Convert 10120221102210 (base 3) to base 15.
27a576
-1111100101001010111 (base 2) to base 10
-510551
What is 2100356 (base 7) in base 15?
4eb48
Convert -159100 (base 11) to base 15.
-4cedb
What is -1123350 (base 9) in base 15?
-be8ac
-17263656 (base 8) to base 14
-76a7b8
22415512 (base 6) to base 4
2213230010
What is 2231415 (base 7) in base 13?
98c10
Convert -253c56 (base 15) to base 4.
-12303233031
Convert -101021030 (base 4) to base 6.
-1301032
-3112255 (base 6) to base 16
-2484b
367367 (base 13) to base 10
1301216
Convert -102021202111 (base 3) to base 7.
-1613503
Convert 1ee78 (base 15) to base 12.
4a642
Convert 2222030 (base 4) to base 15.
3362
c475d (base 15) to base 9
1148117
What is -646521 (base 8) in base 5?
-23411101
-2c62245 (base 13) to base 12
-494ab49
Convert 982b37 (base 13) to base 6.
204353304
What is 15ba38 (base 13) in base 9?
1012662
1678d47 (base 14) to base 12
384a797
What is 11040103 (base 6) in base 8?
1210047
4748866 (base 9) to base 10
2571891
What is 100010001100111 (base 2) in base 7?
102024
Convert 41014544 (base 7) to base 15.
47719b
52321534 (base 6) to base 13
412717
Convert -20896 (base 15) to base 11.
-70590
Convert -113232210 (base 4) to base 10.
-97188
Convert -1a04a (base 15) to base 7.
-501124
What is -147315 (base 8) in base 12?
-26779
Convert -231533304 (base 6) to base 16.
-4172c8
14021326 (base 7) to base 5
313040301
What is 1111112111022 (base 3) in base 12?
3258a5
-8a3612 (base 12) to base 8
-10320656
What is -11111110101011101011 (base 2) in base 3?
-1221222222021
What is de364 (base 16) in base 10?
910180
What is -101222012221211 (base 3) in base 6?
-324545034
Convert -3336105 (base 8) to base 16.
-dbc45
1e25 (base 15) to base 3
22222222
Convert 1089 (base 16) to base 8.
10211
-78397 (base 10) to base 9
-128477
-1100112212 (base 3) to base 15
-7d65
1112000221012 (base 3) to base 14
1704b9
Convert -35801a2 (base 11) to base 12.
-210966b
17a806 (base 11) to base 9
463081
Convert 100100101001000110110 (base 2) to base 7.
13130365
Convert -4166431 (base 7) to base 11.
-3147aa
-3062828 (base 10) to base 13
-833132
Convert 36544 (base 7) to base 14.
3694
-740 (base 10) to base 2
-1011100100
What is -1ba1a (base 13) in base 2?
-1101010010101001
-173a2e (base 15) to base 13
-305795
-fda92 (base 16) to base 6
-34134054
-10120432 (base 6) to base 14
-77bda
Convert 1370320 (base 8) to base 11.
246565
5542280 (base 10) to base 2
10101001001000110001000
What is 23026417 (base 8) in base 7?
60301504
Convert 52a64a (base 16) to base 13.
1178557
1333110113 (base 5) to base 7
40661534
Convert -4444234 (base 7) to base 14.
-10408b
Convert 207764 (base 12) to base 13.
14b699
What is 4d6d3 (base 15) in base 8?
744163
What is 1322330112 (base 4) in base 8?
1727426
What is 46150b (base 15) in base 11?
19857a1
What is 111002133333 (base 4) in base 5?
2402442023
Convert 602008 (base 12) to base 4.
11231112020
What is -64a85 (base 12) in base 5?
-13222434
Convert -518613 (base 9) to base 15.
-61476
-260060 (base 7) to base 15
-e392
-3121205 (base 7) to base 3
-201001101222
-70919 (base 10) to base 5
-4232134
What is -111101000111001 (base 2) in base 9?
-46825
What is 143777 (base 8) in base 3?
2121020021
Convert 14d0d2 (base 14) to base 4.
2301210300
Convert 101010221212201 (base 3) to base 5.
2340023244
-322aca1 (base 13) to base 16
-e98648
Convert 13122b (base 15) to base 13.
2606b7
Convert -323422411 (base 5) to base 6.
-45435014
-55a8b5 (base 13) to base 3
-10210202200022
-7699 (base 10) to base 9
-11504
180c7 (base 14) to base 13
21732
Convert 1343212230 (base 5) to base 6.
202500353
Convert 15bb (base 16) to base 15.
19ad
Convert -7ca07b (base 13) to base 16.
-2d398f
What is 1031184 (base 10) in base 7?
11523240
Convert 11022200101 (base 3) to base 7.
502663
-3122120300 (base 4) to base 5
-212111022
219a09 (base 11) to base 6
11300033
10112221200020 (base 3) to base 14
3723a2
What is -5792 (base 10) in base 5?
-141132
What is 172767 (base 14) in base 5?
202014222
Convert -212303222 (base 4) to base 9.
-262035
What is 802847 (base 11) in base 8?
4733471
57106 (base 10) to base 5
3311411
Convert 112102200021 (base 3) to base 6.
10031054
Convert -4745046 (base 8) to base 5.
-313000214
105345343 (base 6) to base 9
3580700
2557a1 (base 12) to base 11
388158
What is a3793d (base 14) in base 12?
1a1b32b
Convert -12112121210 (base 3) to base 9.
-175553
5123b (base 12) to base 14
2a771
Convert -406511 (base 8) to base 6.
-2514321
What is dc4b7 (base 14) in base 8?
2021441
What is -122021212111 (base 3) in base 4?
-1103011330
-c0502 (base 13) to base 11
-215155
Convert -32d974 (base 16) to base 3.
-20021022021202
Convert -21511131 (base 7) to base 15.
-268940
What is a6614 (base 14) in base 11?
25498a
What is -1501073 (base 11) in base 2?
-1001110101011100110011
25404641 (base 7) to base 6
121215502
Convert 76415 (base 13) to base 12.
a388b
What is -11926791 (base 10) in base 16?
-b5fd07
What is -110020121122221 (base 3) in base 2?
-11000110100110000010010
What is -32224030 (base 5) in base 9?
-456324
Convert -3495824 (base 11) to base 6.
-334412521
2ac026 (base 16) to base 3
12021100012202
Convert 224941 (base 10) to base 5.
24144231
Convert 108877 (base 9) to base 2.
10000000000111111
Convert -9623 (base 10) to base 14.
-3715
What is -2456 (base 15) in base 13?
-3699
1002101110222221 (base 3) to base 9
32343887
What is 360381 (base 9) in base 6?
4351501
What is 51401001 (base 6) in base 4?
11220300121
184b87 (base 16) to base 4
12010232013
Convert -108b1 (base 16) to base 12.
-33269
What is -12b1172 (base 12) in base 5?
-1422314302
-39623 (base 12) to base 9
-128800
What is -15140043 (base 8) in base 14?
-65dc0b
88043 (base 10) to base 16
157eb
Convert 6107646 (base 8) to base 14.
2dc862
What is 25cb3a (base 13) in base 2?
11011111000011111111
What is -201022213 (base 4) in base 14?
-37715
187e0 (base 15) to base 10
79410
What is -1111110100000010101101 (base 2) in base 12?
-147aab9
-271dfb (base 16) to base 8
-11616773
Convert -222332411 (base 5) to base 16.
-ef584
-1d987 (base 15) to base 5
-11043102
Convert -314021142 (base 5) to base 6.
-44054550
What is -af2b (base 16) in base 13?
-17546
-8845 (base 15) to base 14
-a73b
What is -c8441a (base 14) in base 16?
-675908
-4021844 (base 9) to base 13
-59c269
Convert -295134 (base 13) to base 9.
-1810536
-2782c (base 13) to base 12
-36917
-1441402 (base 5) to base 8
-74204
What is -301421 (base 6) in base 14?
-88cd
What is -1353064 (base 7) in base 11?
-114112
What is -4324033 (base 6) in base 9?
-354683
Convert 23032224 (base 5) to base 11.
13028a
What is 430602 (base 8) in base 2?
100011000110000010
Convert 211031042 (base 5) to base 12.
363652
What is -21a0614 (base 11) in base 4?
-32230100330
336454 (base 7) to base 5
3404132
What is -12454114 (base 8) in base 11?
-1625a93
-6bcb9 (base 15) to base 5
-41444444
What is 10010100101100000101 (base 2) in base 5?
123442104
What is -112212222102012 (base 3) in base 2?
-11110001011101011001011
Convert 10221121211210 (base 3) to base 5.
1014124202
Convert -464960 (base 11) to base 10.
-738529
What is -86089 (base 10) in base 13?
-30253
What is 607933 (base 13) in base 6?
120040044
What is 20820332 (base 9) in base 14?
1499244
-705cb (base 14) to base 7
-2203244
What is -613760 (base 8) in base 13?
-71381
What is -5260300 (base 7) in base 15?
-c8877
Convert 24013232 (base 7) to base 3.
10222202210012
Convert -10011011010000011000110 (base 2) to base 4.
-103122003012
-101101010101101101 (base 2) to base 9
-312663
What is -121153 (base 6) in base 7?
-43026
What is -1a96ed (base 16) in base 13?
-490211
What is -505152 (base 8) in base 4?
-220221222
What is 4061807 (base 9) in base 15?
2cbde4
What is 36c3c (base 13) in base 9?
163420
-2198927 (base 10) to base 13
-5bcb53
-47237123 (base 8) to base 9
-21345848
5909e (base 15) to base 9
472075
-13551623 (base 8) to base 12
-103bb2b
What is 2011112 (base 3) in base 9?
2145
What is -6b9b (base 16) in base 8?
-65633
1eeda (base 15) to base 10
101230
What is 160542 (base 7) in base 15?
94e3
What is 12c88a (base 13) in base 7?
3610106
2203021203 (base 4) to base 15
d3009
-c09c1c (base 14) to base 16
-62e442
6463211 (base 8) to base 5
420331220
What is 1100232131 (base 4) in base 2?
10100